 j?
2
What is the hundreds digit of 11502/14 - (-8 - (-660)/77)?
8
Suppose -8 = -4*n + 8. Let b(v) be the second derivative of v**4/12 + v**3/6 + 4*v**2 - 56*v. What is the tens digit of b(n)?
2
Suppose 0 = 18*n - 23*n - 5820. What is the units digit of n/(-42) + 2/7?
8
Suppose 3*g - 70 = -3*j - 19, -39 = -2*j - 3*g. Let m = j - 8. Suppose m*u - 48 = -8. What is the units digit of u?
0
Let u be (-8104)/(-28) + (-3)/7. Suppose 3*c - u = 194. What is the tens digit of c?
6
Let d(p) be the second derivative of 5*p**3/2 - 71*p**2/2 - 31*p. What is the hundreds digit of d(13)?
1
Let t(j) = j + 6. Let k be t(-8). Let p be 15*(k + 4)/(-6). What is the units digit of (p - -7)/(2/13)?
3
Let n = -175 - -397. What is the tens digit of n?
2
Suppose -g + a + 5 + 1 = 0, 0 = -4*a - 16. Let x = 149 + -145. Suppose 0 = g*c - x*c + 78. What is the units digit of c?
9
Let z be (5/3)/((-7)/21). Let f = 11 - z. What is the units digit of f?
6
Let v(x) = -x**2 + 28. Let z(p) be the third derivative of -p**5/60 - p**4/8 + 2*p**3/3 - 2*p**2. Let h be z(-4). What is the units digit of v(h)?
8
Let t = -1044 - -1964. What is the hundreds digit of t?
9
Let q = -3602 - -5542. What is the hundreds digit of (-2)/8*-2 - q/(-8)?
2
Let p = 2017 + -197. What is the hundreds digit of p?
8
Let z(c) = 36*c**2 + 14*c + 18. What is the hundreds digit of z(3)?
3
Suppose 0 = 2*i - 5*z - 1730, 3*z = -5*i + 5162 - 775. What is the tens digit of i?
7
Let a(t) = 218*t + 75. What is the hundreds digit of a(2)?
5
Suppose -18*y + 17*y - 4*s = -1034, -3*s - 3 = 0. What is the hundreds digit of y?
0
Suppose 11*s - 653 = 4671. What is the tens digit of s?
8
Suppose -10*f + 3805 = -7765. What is the hundreds digit of f?
1
Let h be (-240)/(-9) + 12/(-18). Suppose 7*l - 3*l + 3*y - 79 = 0, 2*y - h = -l. What is the tens digit of l?
1
Let i = -595 + 1010. What is the tens digit of i?
1
Let h(o) be the second derivative of o**3/3 + 3*o**2/2 - 11*o. What is the tens digit of h(8)?
1
Let x = 22 - 33. Let y = 58 + x. What is the tens digit of y?
4
Suppose -d + l = 126 - 809, 2*l - 3443 = -5*d. What is the hundreds digit of d?
6
Let f(z) = -4*z - 4. Suppose -4*o = -2*o - 4. Let y(m) = -2*m**2 + m. Let k be y(o). What is the tens digit of f(k)?
2
Suppose 4*h - 363 = 2*h + 5*z, -5*h + z = -919. Let u = -82 + h. What is the units digit of u?
2
Let r(w) = 35*w**2 - 27*w + 163. What is the units digit of r(5)?
3
Suppose -u = 3*u + 3*k - 34, 4*u + 4*k - 36 = 0. Let i = u - -3. What is the units digit of i/85 + (-440)/(-17)?
6
Let y = 90 + 434. What is the units digit of y?
4
Let m(y) = 4*y - 15. Let g be (-3)/(-4) - 350/40. Let v be (-76)/g - (-2)/4. What is the units digit of m(v)?
5
Let r(a) = a**2 + 32*a - 139. What is the tens digit of r(-37)?
4
Let u(y) be the first derivative of -y**3/3 + 11*y**2 + 17*y + 6. What is the units digit of u(20)?
7
Let t(r) be the third derivative of 0 + 0*r - 3*r**2 + 2/3*r**3 + 1/60*r**5 + 0*r**4. What is the units digit of t(-4)?
0
Suppose 4*p = -6*p + 60. Let i(j) = -j + 55. Let l be i(0). Suppose -179 = -p*k + l. What is the units digit of k?
9
Let m = -8 + 0. Let l be 0*(-3)/9 - -1. What is the units digit of (m*l/(-2))/2?
2
Suppose 7*j - 6522 = -0*h + h, -2*j - 4*h = -1872. What is the units digit of j?
2
Suppose 2*x = -3*s + 4164, 2*s = x - 1489 - 579. Suppose -18*n = -6*n - x. What is the tens digit of n?
7
Let b(z) = z**3 - z**2. Let t be b(2). Suppose -2*k - k + 359 = t*n, 5*k + 475 = 5*n. What is the tens digit of n?
9
Let m(a) = -7*a - 83*a**2 + 136*a**2 - a**3 - 31 - 73*a**2. What is the hundreds digit of m(-20)?
1
Let x = -22 + 27. Suppose -r + 8 = 2*r - 4*u, 5*u + 10 = -x*r. What is the units digit of 3 + r - 19/(-1)?
2
Let n(y) = 2*y**2 - 22. Let q be 95/57*1*3. What is the tens digit of n(q)?
2
Let p(h) = h**3 + 2*h + 20. Let s be p(0). Suppose 0 = -11*k + 10*k + s. What is the tens digit of k?
2
Suppose 5*r + 3*r - 624 = 0. Let c = 168 - r. What is the tens digit of c?
9
Let r be (-2)/(-3)*(-18)/(-4). Suppose 6*h - r*h = 123. Let u = h + -17. What is the tens digit of u?
2
Let v be 6/(-14) + -4 + (-1560)/(-14). Let q = v + 46. What is the hundreds digit of q?
1
Let p = -118 - -99. Let h = 164 - p. What is the tens digit of h?
8
Suppose 8*v + 823 = 4391. What is the tens digit of v?
4
Suppose 17385 = -40*k + 59*k. What is the units digit of k?
5
Suppose 5*v - 1 = 9. Suppose -2*k + 32 - v = 0. What is the tens digit of k?
1
What is the tens digit of 2/((-6)/27 - 15010/(-67140))?
9
Let h(v) = 3*v**2 - 11*v + 164. What is the units digit of h(12)?
4
Suppose 11*r + 3*u - 22920 = 6*r, 0 = -r - 2*u + 4584. What is the units digit of r?
4
Let d(r) = r + 3*r + r**2 - r + 4. Suppose -18*h - 28 = -14*h. What is the tens digit of d(h)?
3
Suppose 0 = w - 6*w - 15, 3*w - 35 = -4*n. Let x = 21 - n. Suppose -2*g + x = 5*d, 0*g - g + 19 = -d. What is the units digit of g?
5
Let m = -77 + 459. What is the hundreds digit of m?
3
Let m be 945/5 + -4 - 2. Let l = m - 80. What is the tens digit of l?
0
Suppose 4*a + 30 = 9*a. Let o(f) = 2*f**2 - 7*f + 2. Let c be o(a). Suppose 5*i - 68 = c. What is the units digit of i?
0
Let n = 347 - 298. Suppose 2*d + 9 = s - 24, -29 = -s + d. Let v = n - s. What is the units digit of v?
4
Let m(w) = w**3 - w**2 + 5. Let s be m(0). Suppose 1 = -y - s. What is the units digit of (y + 0)*2/(-3)?
4
What is the hundreds digit of (-360)/(-50)*8070/12?
8
Let k be (-7000)/32 - (0 + 2)/8. Let s = k - -328. What is the hundreds digit of s?
1
Let c = 4 - 0. Suppose 0 = c*m + 4*b + 12, 2 = -4*m - 2*b - 0*b. Suppose 0*o + 53 = 5*l - m*o, 2*o - 19 = -3*l. What is the units digit of l?
9
Let g be (-1 - -52)/3 + 1. Suppose 4*i + c - g = -c, 2*i = 3*c + 13. Let k(r) = r**2 - 2*r + 1. What is the units digit of k(i)?
6
Suppose -k - 7 = -f - 5, 3*f - 3 = 0. Let t = k - -13. What is the tens digit of t/8*(2 - -8)?
1
What is the tens digit of 1/7 - (-48773)/119?
1
Suppose 4*a = 49 + 103. Suppose 0 = 5*t - 3*z - 337, -5*t = z - 352 + 31. Let b = t - a. What is the units digit of b?
7
Suppose 0 = -5*o + 6812 - 2502. What is the hundreds digit of o?
8
Suppose -k = 18*q - 22*q - 1480, -2*q = 8. What is the hundreds digit of k?
4
Let k(n) = n**3 - 2*n**2 - 13*n + 10. Let w be k(5). Let r = w - -232. What is the tens digit of r?
5
Suppose -2*y + 941 + 757 = 2*g, -y = 5*g - 845. What is the units digit of y?
0
Let q(g) = 3 - g**2 - 7*g + 199*g**3 + 2 - 198*g**3. What is the units digit of q(5)?
0
Let y be 0/((-2 - -4) + -3). What is the tens digit of (-8 + -2)*(y - 25/2)?
2
Let o(m) = -4*m**3 + m**2 + 2*m - 6. Let p(q) = -11*q**3 + 4*q**2 + 7*q - 18. Let w(y) = -8*o(y) + 3*p(y). What is the units digit of w(4)?
4
Let g(b) be the third derivative of -b**6/120 - b**5/6 + b**3/2 - 13*b**2. Let l be g(-10). Suppose -l*w + 154 + 71 = 0. What is the units digit of w?
5
Let l = 33 + -86. Let n = l + 89. What is the tens digit of n?
3
Let o = -248 - -3531. What is the thousands digit of o?
3
Suppose 0 = -4*y + 2*y - 3*w + 45, -2*y = 5*w - 51. Let l(p) = p**3 - 19*p**2 + 27*p + 26. What is the tens digit of l(y)?
8
What is the hundreds digit of 12/(-15)*(-128 - 2)?
1
Let j = 69 + -66. Suppose -4*t = -j*o + 116, -2 = -t - t. What is the units digit of o?
0
Let k be ((-2)/3*6)/(-2). Suppose s + 0*s = -k*t - 6, -13 = t + 3*s. What is the tens digit of (31 - 9) + -2 + t?
1
Suppose -9878 = -280*r + 258*r. What is the tens digit of r?
4
Let d = 786 + 3868. What is the units digit of d?
4
Let q(k) = 8*k - 1. Let o be q(-1). Let z = -8 - o. Suppose 8 + z = j. What is the units digit of j?
9
Let v be -2 + (0 + 1)*3. Let d be 45/2 - v/(-2). Let r = -7 + d. What is the units digit of r?
6
Let i(d) = d - 1. Suppose -q - 2*u = -3 + 6, 0 = 2*q - 5*u - 21. Let n be i(q). What is the units digit of (-111)/(-6) - n/(-4)?
9
Suppose -6349 = 9*a - 19057. What is the tens digit of a?
1
Let b(z) = z**3 + 24*z**2 + 33*z - 47. What is the tens digit of b(-21)?
8
Let w = 306 + -209. What is the units digit of w?
7
Let b(m) = m**2 + m - 3. Let z(d) = -3*d**2 - 3*d + 6. Let h(l) = -5*b(l) - 2*z(l). Let s be h(0). Suppose x - 80 = -s*x. What is the units digit of x?
0
Let o(l) = 4*l**2 - 2*l + 1. Let d = -7 - -2. What is the units digit of o(d)?
1
What is the units digit of 69*129/21*7?
7
Suppose 5*